{"id":6700,"date":"2023-10-08T18:41:13","date_gmt":"2023-10-08T16:41:13","guid":{"rendered":"https:\/\/www.hotelspol.it\/fiere-eventi\/apertura-impianti-livigno\/"},"modified":"2026-08-17T16:54:11","modified_gmt":"2026-08-17T14:54:11","slug":"livigno-lift-eroffnung","status":"publish","type":"fiere-eventi","link":"https:\/\/www.hotelspol.it\/de\/fiere-eventi\/livigno-lift-eroffnung\/","title":{"rendered":"Livigno Lift Er\u00f6ffnung"},"content":{"rendered":"\t\t<div data-elementor-type=\"wp-post\" data-elementor-id=\"6700\" class=\"elementor elementor-6700 elementor-6690\" data-elementor-post-type=\"fiere-eventi\">\n\t\t\t\t<div class=\"elementor-element elementor-element-b8a589d e-con-full e-flex e-con e-parent\" data-id=\"b8a589d\" data-element_type=\"container\" data-e-type=\"container\">\n\t\t\t\t<div class=\"elementor-element elementor-element-a60bec8 elementor-widget elementor-widget-text-editor\" data-id=\"a60bec8\" data-element_type=\"widget\" data-e-type=\"widget\" data-widget_type=\"text-editor.default\">\n\t\t\t\t<div class=\"elementor-widget-container\">\n\t\t\t\t\t\t\t\t\t<p>Alles ist bereit f\u00fcr die n\u00e4chste Skisaison, die am 28. November 2026 mit der Lift\u00f6ffnung beginnt. 115 km bestens pr\u00e4parierte Pisten laden zum Skifahren, Telemark, Snowboarden, Freeride und Freestyle ein \u2013 hier k\u00f6nnen Sie Ihrer Schneelust freien Lauf lassen!<\/p>\n\t\t\t\t\t\t\t\t<\/div>\n\t\t\t\t<\/div>\n\t\t\t\t<\/div>\n\t\t\t\t<\/div>\n\t\t","protected":false},"author":2,"featured_media":6693,"template":"","categories":[89],"tags":[402,400,399,403,401],"class_list":["post-6700","fiere-eventi","type-fiere-eventi","status-publish","has-post-thumbnail","hentry","category-inverno-de","tag-eroffnungvonlivigno","tag-livignoski","tag-livignoskiliftoffnung","tag-skifahreninlivigno","tag-skiliftlivigno"],"acf":[],"_links":{"self":[{"href":"https:\/\/www.hotelspol.it\/de\/wp-json\/wp\/v2\/fiere-eventi\/6700","targetHints":{"allow":["GET"]}}],"collection":[{"href":"https:\/\/www.hotelspol.it\/de\/wp-json\/wp\/v2\/fiere-eventi"}],"about":[{"href":"https:\/\/www.hotelspol.it\/de\/wp-json\/wp\/v2\/types\/fiere-eventi"}],"author":[{"embeddable":true,"href":"https:\/\/www.hotelspol.it\/de\/wp-json\/wp\/v2\/users\/2"}],"version-history":[{"count":12,"href":"https:\/\/www.hotelspol.it\/de\/wp-json\/wp\/v2\/fiere-eventi\/6700\/revisions"}],"predecessor-version":[{"id":14688,"href":"https:\/\/www.hotelspol.it\/de\/wp-json\/wp\/v2\/fiere-eventi\/6700\/revisions\/14688"}],"wp:featuredmedia":[{"embeddable":true,"href":"https:\/\/www.hotelspol.it\/de\/wp-json\/wp\/v2\/media\/6693"}],"wp:attachment":[{"href":"https:\/\/www.hotelspol.it\/de\/wp-json\/wp\/v2\/media?parent=6700"}],"wp:term":[{"taxonomy":"category","embeddable":true,"href":"https:\/\/www.hotelspol.it\/de\/wp-json\/wp\/v2\/categories?post=6700"},{"taxonomy":"post_tag","embeddable":true,"href":"https:\/\/www.hotelspol.it\/de\/wp-json\/wp\/v2\/tags?post=6700"}],"curies":[{"name":"wp","href":"https:\/\/api.w.org\/{rel}","templated":true}]}}

Livigno Lift Eröffnung

<div data-elementor-type="wp-post" data-elementor-id="6700" class="elementor elementor-6700 elementor-6690" data-elementor-post-type="fiere-eventi">
				<div class="elementor-element elementor-element-b8a589d e-con-full e-flex e-con e-parent" data-id="b8a589d" data-element_type="container" data-e-type="container">
				<div class="elementor-element elementor-element-a60bec8 elementor-widget elementor-widget-text-editor" data-id="a60bec8" data-element_type="widget" data-e-type="widget" data-widget_type="text-editor.default">
				<div class="elementor-widget-container">
									<p>Alles ist bereit für die nächste Skisaison, die am 28. November 2026 mit der Liftöffnung beginnt. 115 km bestens präparierte Pisten laden zum Skifahren, Telemark, Snowboarden, Freeride und Freestyle ein – hier können Sie Ihrer Schneelust freien Lauf lassen!</p>
								</div>
				</div>
				</div>
				</div>
