{"id":6743,"date":"2023-10-08T18:57:45","date_gmt":"2023-10-08T16:57:45","guid":{"rendered":"https:\/\/www.hotelspol.it\/fiere-eventi\/mercatini-di-natale\/"},"modified":"2026-08-17T16:31:39","modified_gmt":"2026-08-17T14:31:39","slug":"weihnachtsmarkt-in-livigno","status":"publish","type":"fiere-eventi","link":"https:\/\/www.hotelspol.it\/de\/fiere-eventi\/weihnachtsmarkt-in-livigno\/","title":{"rendered":"Weihnachtsmarkt"},"content":{"rendered":"\t\t<div data-elementor-type=\"wp-post\" data-elementor-id=\"6743\" class=\"elementor elementor-6743 elementor-6733\" data-elementor-post-type=\"fiere-eventi\">\n\t\t\t\t<div class=\"elementor-element elementor-element-b8a589d e-con-full e-flex e-con e-parent\" data-id=\"b8a589d\" data-element_type=\"container\" data-e-type=\"container\">\n\t\t\t\t<div class=\"elementor-element elementor-element-a60bec8 elementor-widget elementor-widget-text-editor\" data-id=\"a60bec8\" data-element_type=\"widget\" data-e-type=\"widget\" data-widget_type=\"text-editor.default\">\n\t\t\t\t<div class=\"elementor-widget-container\">\n\t\t\t\t\t\t\t\t\t<p>In Livigno verwandeln sich die Holzh\u00fctten vom 27. November 2026 bis zum Dreik\u00f6nigstag am 6. Januar 2027 in ein beschauliches Weihnachtsdorf. Hier finden Sie viele traditionelle Geschenkideen. Direkt neben dem Hotel Spol wird die Tradition der Livignoer Weihnachtsm\u00e4rkte wiederbelebt. Genie\u00dfen Sie einen entspannten Bummel zwischen den St\u00e4nden, umgeben vom Duft hei\u00dfer Schokolade und Gl\u00fchwein. Lassen Sie sich vom Zauber des Advents vor der bezaubernden Kulisse der schneebedeckten Alpen verzaubern.<\/p>\n<p>Das Weihnachtsdorf ist von 11:00 bis 22:00 Uhr ge\u00f6ffnet. (Am 2., 9., 16. und 25. Dezember bleibt das Dorf geschlossen.)<\/p>\n\t\t\t\t\t\t\t\t<\/div>\n\t\t\t\t<\/div>\n\t\t\t\t<\/div>\n\t\t\t\t<\/div>\n\t\t","protected":false},"author":2,"featured_media":6736,"template":"","categories":[89],"tags":[],"class_list":["post-6743","fiere-eventi","type-fiere-eventi","status-publish","has-post-thumbnail","hentry","category-inverno-de"],"acf":[],"_links":{"self":[{"href":"https:\/\/www.hotelspol.it\/de\/wp-json\/wp\/v2\/fiere-eventi\/6743","targetHints":{"allow":["GET"]}}],"collection":[{"href":"https:\/\/www.hotelspol.it\/de\/wp-json\/wp\/v2\/fiere-eventi"}],"about":[{"href":"https:\/\/www.hotelspol.it\/de\/wp-json\/wp\/v2\/types\/fiere-eventi"}],"author":[{"embeddable":true,"href":"https:\/\/www.hotelspol.it\/de\/wp-json\/wp\/v2\/users\/2"}],"version-history":[{"count":14,"href":"https:\/\/www.hotelspol.it\/de\/wp-json\/wp\/v2\/fiere-eventi\/6743\/revisions"}],"predecessor-version":[{"id":14670,"href":"https:\/\/www.hotelspol.it\/de\/wp-json\/wp\/v2\/fiere-eventi\/6743\/revisions\/14670"}],"wp:featuredmedia":[{"embeddable":true,"href":"https:\/\/www.hotelspol.it\/de\/wp-json\/wp\/v2\/media\/6736"}],"wp:attachment":[{"href":"https:\/\/www.hotelspol.it\/de\/wp-json\/wp\/v2\/media?parent=6743"}],"wp:term":[{"taxonomy":"category","embeddable":true,"href":"https:\/\/www.hotelspol.it\/de\/wp-json\/wp\/v2\/categories?post=6743"},{"taxonomy":"post_tag","embeddable":true,"href":"https:\/\/www.hotelspol.it\/de\/wp-json\/wp\/v2\/tags?post=6743"}],"curies":[{"name":"wp","href":"https:\/\/api.w.org\/{rel}","templated":true}]}}

<div data-elementor-type="wp-post" data-elementor-id="6743" class="elementor elementor-6743 elementor-6733" data-elementor-post-type="fiere-eventi">
				<div class="elementor-element elementor-element-b8a589d e-con-full e-flex e-con e-parent" data-id="b8a589d" data-element_type="container" data-e-type="container">
				<div class="elementor-element elementor-element-a60bec8 elementor-widget elementor-widget-text-editor" data-id="a60bec8" data-element_type="widget" data-e-type="widget" data-widget_type="text-editor.default">
				<div class="elementor-widget-container">
									<p>In Livigno verwandeln sich die Holzhütten vom 27. November 2026 bis zum Dreikönigstag am 6. Januar 2027 in ein beschauliches Weihnachtsdorf. Hier finden Sie viele traditionelle Geschenkideen. Direkt neben dem Hotel Spol wird die Tradition der Livignoer Weihnachtsmärkte wiederbelebt. Genießen Sie einen entspannten Bummel zwischen den Ständen, umgeben vom Duft heißer Schokolade und Glühwein. Lassen Sie sich vom Zauber des Advents vor der bezaubernden Kulisse der schneebedeckten Alpen verzaubern.</p>
<p>Das Weihnachtsdorf ist von 11:00 bis 22:00 Uhr geöffnet. (Am 2., 9., 16. und 25. Dezember bleibt das Dorf geschlossen.)</p>
								</div>
				</div>
				</div>
				</div>
